1938095?
True
Is 331 a factor of 38100417?
True
Is 10 a factor of 562940490?
True
Does 358 divide 395685925?
False
Is 24077104 a multiple of 3?
False
Does 6 divide 24705827?
False
Is 228049061 a multiple of 89?
True
Is 69 a factor of 230863576?
False
Is 623531 a multiple of 395?
False
Is 4454 a factor of 142107903?
False
Is 235 a factor of 1134767654?
False
Does 6 divide 240220847?
False
Is 2992 a factor of 358034140?
False
Does 632 divide 851922096?
True
Does 11 divide 121582952?
False
Is 46 a factor of 1937466042?
True
Does 16 divide 329031168?
True
Is 69121822 a multiple of 14?
True
Is 46328014 a multiple of 5?
False
Is 267598680 a multiple of 60?
True
Is 193489450 a multiple of 2233?
True
Is 2 a factor of 33856713?
False
Is 7634965 a multiple of 5?
True
Is 293 a factor of 80099754?
True
Does 3 divide 3002967?
True
Does 109 divide 69641190?
True
Does 3 divide 39505629?
True
Is 101951319 a multiple of 1143?
False
Does 17 divide 4234132234?
True
Is 862 a factor of 360140687?
False
Is 35 a factor of 41617940?
True
Is 13 a factor of 138910343?
True
Is 3759988615 a multiple of 25?
False
Is 649 a factor of 136750002?
False
Does 109 divide 433901950?
False
Is 24 a factor of 8180687?
False
Is 20993280 a multiple of 44?
True
Is 4788872048 a multiple of 16?
True
Is 2438 a factor of 31719854?
False
Does 11813 divide 2746121663?
False
Does 2224 divide 131338983?
False
Is 22 a factor of 26341130?
False
Is 200338020 a multiple of 18?
True
Does 63 divide 65740689?
True
Is 121169548 a multiple of 1159?
False
Does 376 divide 40172216?
True
Is 252 a factor of 278180784?
True
Does 105 divide 23532006?
False
Does 1737 divide 2122582?
False
Does 49 divide 965395697?
True
Does 9127 divide 3609828897?
True
Is 21041712 a multiple of 846?
True
Does 20 divide 598563469?
False
Is 12895 a factor of 4747092852?
False
Is 2240 a factor of 296732636?
False
Does 56 divide 15690416?
True
Does 122 divide 374275748?
True
Is 53 a factor of 6743106313?
True
Is 23 a factor of 381634216?
True
Does 139 divide 521758319?
False
Is 44179533 a multiple of 43?
True
Is 581 a factor of 30539684?
True
Is 60 a factor of 1049220420?
True
Is 10 a factor of 829941060?
True
Is 165242182 a multiple of 15?
False
Is 741 a factor of 767532379?
False
Is 183480926 a multiple of 663?
False
Is 28384192 a multiple of 118?
True
Does 913 divide 67141307?
False
Is 63 a factor of 1051309983?
False
Is 1715779118 a multiple of 6667?
True
Is 411145 a multiple of 35?
True
Does 20 divide 3415894980?
True
Is 636376230 a multiple of 2646?
True
Is 245502937 a multiple of 4?
False
Is 11 a factor of 69764970?
True
Is 1148 a factor of 129403708?
True
Is 1638884 a multiple of 52?
True
Does 29 divide 3439746576?
False
Does 18 divide 343542036?
False
Does 61 divide 34832092?
False
Does 14 divide 25400690?
True
Is 8542536 even?
True
Does 49 divide 373968?
True
Does 7 divide 2091687624?
False
Is 397 a factor of 55940079?
True
Does 9 divide 79828247?
False
Is 16 a factor of 378946880?
True
Is 3825935088 a multiple of 12?
True
Is 348082412 a multiple of 1411?
True
Does 162 divide 24009858?
True
Does 9 divide 509882616?
True
Is 6031314230 a multiple of 12869?
True
Is 1526 a factor of 262768044?
True
Is 667252482 a multiple of 28?
False
Is 2396365 a multiple of 132?
False
Does 31 divide 21775154?
False
Is 80730793 a multiple of 3?
False
Is 667 a factor of 472421030?
False
Is 1965 a factor of 96987458?
False
Does 24 divide 2019764130?
False
Does 22 divide 20042839?
False
Is 1007879576 a multiple of 488?
True
Is 1094187881 a multiple of 67?
False
Is 410730892 a multiple of 661?
False
Does 33 divide 60226873?
False
Is 20034801 a multiple of 9?
True
Is 128052768 a multiple of 7?
False
Is 125 a factor of 5563440215?
False
Is 6065 a factor of 819530558?
False
Is 20219131 a multiple of 367?
True
Is 383 a factor of 77791633?
False
Does 104 divide 58754176?
True
Does 37 divide 1049252253?
True
Is 4722 a factor of 438843357?
False
Does 1091 divide 176814647?
False
Is 11 a factor of 85730205?
True
Does 6556 divide 710263928?
True
Is 91495068 a multiple of 148?
False
Does 93 divide 1550142972?
True
Is 10 a factor of 92626921?
False
Is 4 a factor of 218890120?
True
Is 53124026 a multiple of 17?
False
Does 82 divide 23008800?
False
Is 5000989 a multiple of 2?
False
Does 211 divide 7437433078?
True
Does 97 divide 6273958?
False
Does 9621 divide 2029280562?
True
Is 54539618 a multiple of 1279?
False
Does 1361 divide 62159592?
True
Does 85 divide 2081581517?
False
Is 6 a factor of 48777780?
True
Is 16459179 a multiple of 32?
False
Does 95 divide 165657819?
False
Is 446977687 a multiple of 16?
False
Does 10114 divide 1242919574?
True
Is 23 a factor of 906419903?
True
Is 10 a factor of 14349738?
False
Is 2831751812 a multiple of 1913?
False
Does 14 divide 45237672?
False
Does 21 divide 986697386?
False
Is 182 a factor of 35974666?
True
Is 49 a factor of 1250077661?
True
Is 9 a factor of 134486955?
True
Is 148 a factor of 78584666?
False
Does 944 divide 657526336?
False
Does 3828 divide 7289963114?
False
Is 11572487 a multiple of 294?
False
Is 1040375631 a multiple of 1377?
False
Is 725 a factor of 29559977?
False
Is 3 a factor of 1090683?
True
Is 13 a factor of 920474157?
False
Does 664 divide 48380090?
False
Is 22397835 a multiple of 548?
False
Is 576 a factor of 3298335?
False
Is 31 a factor of 242226529?
True
Does 95 divide 164546199?
False
Is 22 a factor of 102491906?
True
Is 1893 a factor of 22064703?
False
Does 33 divide 1535219827?
False
Is 214223903 a multiple of 768?
False
Is 78153333 a multiple of 337?
True
Does 2705 divide 223002905?
True
Is 1384 a factor of 25352112?
True
Is 26 a factor of 152001902?
True
Is 1093 a factor of 21164760?
False
Does 131 divide 9237312?
False
Does 295 divide 535571615?
True
Is 14 a factor of 74000930?
False
Does 72 divide 124836480?
True
Does 27 divide 4134645?
True
Is 780 a factor of 175234800?
True
Does 13 divide 146276288?
False
Does 13 divide 11705083?
True
Does 2775 divide 801385898?
False
Does 1124 divide 143602962?
False
Does 1820 divide 265118511?
False
Is 22083695 a multiple of 12?
False
Does 270 divide 652152375?
False
Does 230 divide 406492110?
True
Is 820052581 a multiple of 3581?
True
Is 13 a factor of 127866011?
True
Does 87 divide 48372435?
True
Is 25154364 a multiple of 18?
False
Is 51649033 a multiple of 242?
False
Does 1119 divide 1238115312?
True
Is 14 a factor of 136537?
False
Does 28 divide 48790206?
False
Is 21235209 a multiple of 307?
False
Is 5 a factor of 822462719?
False
Is 189505376 a multiple of 16?
True
Does 499 divide 231124325?
True
Does 1071 divide 45783236?
False
Does 65 divide 1335978846?
False
Is 3 a factor of 4244965?
False
Does 2411 divide 1922478056?
False
Is 54 a factor of 128018286?
True
Is 349912531 a multiple of 28?
False
Is 1190137542 a multiple of 17?
False
Is 71 a factor of 14733281?
True
Does 64 divide 848704896?
True
Does 37 divide 744127276?
True
Is 523504496 a multiple of 357?
False
Is 6831762 a multiple of 3?
True
Is 130 a factor of 98745660?
True
Is 676568520 a multiple of 30?
True
Is 3 a factor of 28916175?
True
Is 5892174 a multiple of 289?
False
Does 397 divide 28286250?
True
Does 49 divide 2783428037?
False
Does 218 divide 177902419?
False
Does 226 divide 1470022?
False
Does 215 divide 1409289788?
False
Is 128703658 a multiple of 3?
False
Is 44 a factor of 95647332?
True
Does 15 divide 134501940?
True
Does 1796 divide 83582248?
True
Is 502636376 a multiple of 211?
False
Does 10 divide 653748902?
False
Is 434722112 a multiple of 4?
True
Does 68 divide 40509368?
True
Is 16 a factor of 1408032?
True
Is 39 a factor of 1082736587?
False
Is 31 a factor of 18526703?
False
Is 2386 a factor of 134386678?
True
Does 108 divide 88644591?
False
Does 22 divide 8631644?
False
Is 32 a factor of 165885280?
True
Does 56 divide 22062043?
False
Is 38345515 a multiple of 44?
False
Does 8 divide 207707248?
True
Does 424 divide 2484796724?
False
Is 1535 a factor of 803039855?
True
Is 107732541 a multiple of 103?
True
Does 7 divide 578324206?
False
Is 13019828 a multiple of 6?
False
Is 569 a factor of 62860844?
True
Is 104 a factor of 497116099?
False
Does 97 divide 2583156?
False
Is 812 a factor of 331192064?
True
Is 7 a factor of 12591323?
False
Is 555528077 a multip